{"id":615,"date":"2021-02-11T06:21:22","date_gmt":"2021-02-11T06:21:22","guid":{"rendered":"https:\/\/muvaclinares.es\/?page_id=615"},"modified":"2021-05-05T07:23:13","modified_gmt":"2021-05-05T07:23:13","slug":"jaen-en-femenino","status":"publish","type":"page","link":"https:\/\/muvacandalucia.es\/index.php\/jaen-en-femenino\/","title":{"rendered":"Ja\u00e9n en femenino"},"content":{"rendered":"\n<!-- mowomo-redes-sociales-icons-bar -->\n        <div class=\"mwm_rrss_contenedor mwm_rrss_appearance_6 mwm_rrss_alingment_3\">\n                            <a class=\"mwm_rrss mwm_twitter\" mwm-rrss-url=\"https:\/\/twitter.com\/intent\/tweet?text=Ja\u00e9n en femenino https:\/\/muvacandalucia.es\/index.php\/jaen-en-femenino\/ v\u00eda @muvaclinares\"><i class=\"icon-rrss-twitter\"><\/i><\/a>\n            \n                            <a class=\"mwm_rrss mwm_facebook\" mwm-rrss-url=\"https:\/\/www.facebook.com\/sharer\/sharer.php?u=https:\/\/muvacandalucia.es\/index.php\/jaen-en-femenino\/\"><i class=\"icon-rrss-facebook\"><\/i><\/a>\n            \n            \n            \n                            <a class=\"mwm_rrss mwm_whatsapp\" mwm-rrss-url=\"https:\/\/api.whatsapp.com\/send?text=Ja\u00e9n en femenino \u2013 https:\/\/muvacandalucia.es\/index.php\/jaen-en-femenino\/\" ><i class=\"icon-rrss-whatsapp\"><\/i> <\/a>\n                    <\/div>\n    \n<p align=\"JUSTIFY\"><span style=\"color: #808080;\"><span style=\"font-family: Calibri, sans-serif;\"><span style=\"font-size: medium;\">Escribir sobre arte no es ni debe ser una tarea f\u00e1cil, sobre todo si se pretende ser un altavoz para las artistas olvidadas y a\u00fan m\u00e1s si se quiere hacer con rigor.<\/span><\/span><\/span><\/p>\n<p align=\"JUSTIFY\"><span style=\"color: #808080;\"><span style=\"font-family: Calibri, sans-serif;\"><span style=\"font-size: medium;\">La mujer ha trabajado las artes pl\u00e1sticas siempre, pero no en todos los casos lo ha hecho de forma profesional. A lo largo del tiempo, en muchas ocasiones ha ejercido como artista <\/span><\/span><span style=\"font-family: Calibri, sans-serif;\"><span style=\"font-size: medium;\"><i>amateur<\/i><\/span><\/span><span style=\"font-family: Calibri, sans-serif;\"><span style=\"font-size: medium;\">, limitada por las condiciones que la sociedad le impon\u00eda. En los casos en los que su trabajo fue reconocido de alguna manera, se hizo desde un segundo plano, posicion\u00e1ndola detr\u00e1s de la figura masculina, tanto en visibilidad como en importancia.<\/span><\/span><\/span><\/p>\n<p align=\"JUSTIFY\"><span style=\"color: #808080;\"><span style=\"font-family: Calibri, sans-serif;\"><span style=\"font-size: medium;\">Para nosotros y nosotras, abordar este tema e intentar hacerlo llegar al mayor n\u00famero posible de personas interesadas, supone una peque\u00f1a contribuci\u00f3n al restablecimiento de una Historia del Arte que pretendemos que sea m\u00e1s veraz que la ya establecida. Devolverlas a la historia y hacerlas llegar al lugar que les corresponde es un gran reto, y para ello nada nos parece mejor que dedicarles una secci\u00f3n propia en nuestro museo virtual; un espacio en el que no se encuentren ensombrecidas ni borradas sino reconocidas. Una secci\u00f3n en la que ser\u00e1n tratadas de forma individual, llam\u00e1ndolas por su nombre y ofreci\u00e9ndoles el reconocimiento que merecen.<\/span><\/span><\/span><\/p>\n<p align=\"JUSTIFY\"><span style=\"color: #808080;\"><span style=\"font-family: Calibri, sans-serif;\"><span style=\"font-size: medium;\">El silencio imperante en el estudio sistematizado del arte a trav\u00e9s y a lo largo de la historia, en cuanto a sus mujeres artistas, es el mismo silencio que ha pautado la vida para la mujer en la sociedad, el mismo que las releg\u00f3 al interior de sus hogares, y el mismo que hoy sentimos cuando tocamos ese techo de cristal. Por eso, hacer coincidir la inauguraci\u00f3n de esta secci\u00f3n, <\/span><\/span><span style=\"font-family: Calibri, sans-serif;\"><span style=\"font-size: medium;\"><i>Ja\u00e9n en femenimo<\/i><\/span><\/span><span style=\"font-family: Calibri, sans-serif;\"><span style=\"font-size: medium;\">, con el d\u00eda 8 de marzo para nosotras cobra sentido, y a\u00fan lo hace m\u00e1s en este a\u00f1o de las virtualidades, este a\u00f1o extra\u00f1o en el que todos hemos tenido que aprender a vernos y a sentirnos a trav\u00e9s de una pantalla, a mirar y conocer el arte de una nueva forma, este tiempo en el que los cambios est\u00e1n siendo tan grandes que nos han llegado a abrumar.<\/span><\/span><\/span><\/p>\n<p align=\"JUSTIFY\"><span style=\"color: #808080;\"><span style=\"font-family: Calibri, sans-serif;\"><span style=\"font-size: medium;\">Desde el Museo Virtual de Arte Contempor\u00e1neo de Linares queremos sumarnos a las celebraciones y conmemoraciones de este d\u00eda a\u00fan tan necesario y lo hacemos a trav\u00e9s de este nuevo espacio en el que compartiremos y conoceremos a mujeres que han sido o son artistas pl\u00e1sticas, empezando como no, por las artistas de nuestra tierra. <\/span><\/span><\/span><\/p>\n<p align=\"RIGHT\"><span style=\"color: #808080;\"><span style=\"font-family: Calibri, sans-serif;\"><span style=\"font-size: medium;\">Esther Mart\u00ednez. Comisaria de la Exposici\u00f3n \u201c<\/span><\/span><span style=\"font-family: Calibri, sans-serif;\"><span style=\"font-size: medium;\"><i>Ja\u00e9n en femenino<\/i><\/span><\/span><span style=\"font-family: Calibri, sans-serif;\"><span style=\"font-size: medium;\">\u201d<\/span><\/span><\/span><\/p>\n<p style=\"text-align: right;\"><span style=\"color: #808080;\">Editado por Museo Virtual de Arte Contempor\u00e1neo de Andaluc\u00eda<\/span><\/p>\n<p style=\"text-align: right;\"><span style=\"color: #808080;\"><strong>ISSN 2792-1913<\/strong><\/span><\/p>\n<p style=\"text-align: right;\"><span style=\"color: #808080;\">7 de marzo de 2021<\/span><\/p>\n<p style=\"text-align: right;\"><span style=\"color: #808080;\">Linares, Ja\u00e9n<\/span><\/p>\n<p><span style=\"color: #808080;\">Para visitar la Exposici\u00f3n y ver cada art\u00edculo, pinche <a style=\"color: #808080;\" href=\"https:\/\/muvacandalucia.es\/index.php\/category\/jaen-en-femenino\/\"><strong>aqu\u00ed<\/strong><\/a><\/span><\/p>\n<figure id=\"attachment_616\" aria-describedby=\"caption-attachment-616\" style=\"width: 320px\" class=\"wp-caption alignleft\"><img decoding=\"async\" loading=\"lazy\" class=\"wp-image-616 size-full\" src=\"https:\/\/muvacandalucia.es\/wp-content\/uploads\/2021\/02\/Catalina-Lopez-Sevilla-Paisaje-urbajo.jpg\" alt=\"Catalina L\u00f3pez Sevilla, Serie Rincones\" width=\"320\" height=\"243\" srcset=\"https:\/\/muvacandalucia.es\/wp-content\/uploads\/2021\/02\/Catalina-Lopez-Sevilla-Paisaje-urbajo.jpg 320w, https:\/\/muvacandalucia.es\/wp-content\/uploads\/2021\/02\/Catalina-Lopez-Sevilla-Paisaje-urbajo-300x228.jpg 300w\" sizes=\"(max-width: 320px) 100vw, 320px\" \/><figcaption id=\"caption-attachment-616\" class=\"wp-caption-text\">Catalina L\u00f3pez Sevilla, Serie Rincones<\/figcaption><\/figure>\n<p style=\"text-align: right;\">\n","protected":false},"excerpt":{"rendered":"<p>Escribir sobre arte no es ni debe ser una tarea f\u00e1cil, sobre todo si se pretende ser un altavoz para las artistas olvidadas y a\u00fan m\u00e1s si se quiere hacer&hellip;<\/p>\n","protected":false},"author":2,"featured_media":616,"parent":0,"menu_order":0,"comment_status":"closed","ping_status":"closed","template":"","meta":[],"_links":{"self":[{"href":"https:\/\/muvacandalucia.es\/index.php\/wp-json\/wp\/v2\/pages\/615"}],"collection":[{"href":"https:\/\/muvacandalucia.es\/index.php\/wp-json\/wp\/v2\/pages"}],"about":[{"href":"https:\/\/muvacandalucia.es\/index.php\/wp-json\/wp\/v2\/types\/page"}],"author":[{"embeddable":true,"href":"https:\/\/muvacandalucia.es\/index.php\/wp-json\/wp\/v2\/users\/2"}],"replies":[{"embeddable":true,"href":"https:\/\/muvacandalucia.es\/index.php\/wp-json\/wp\/v2\/comments?post=615"}],"version-history":[{"count":10,"href":"https:\/\/muvacandalucia.es\/index.php\/wp-json\/wp\/v2\/pages\/615\/revisions"}],"predecessor-version":[{"id":1747,"href":"https:\/\/muvacandalucia.es\/index.php\/wp-json\/wp\/v2\/pages\/615\/revisions\/1747"}],"wp:featuredmedia":[{"embeddable":true,"href":"https:\/\/muvacandalucia.es\/index.php\/wp-json\/wp\/v2\/media\/616"}],"wp:attachment":[{"href":"https:\/\/muvacandalucia.es\/index.php\/wp-json\/wp\/v2\/media?parent=615"}],"curies":[{"name":"wp","href":"https:\/\/api.w.org\/{rel}","templated":true}]}}

Jaén en femenino

<!-- mowomo-redes-sociales-icons-bar -->
        <div class="mwm_rrss_contenedor mwm_rrss_appearance_6 mwm_rrss_alingment_3">
                            <a class="mwm_rrss mwm_twitter" mwm-rrss-url="https://twitter.com/intent/tweet?text=Jaén en femenino https://muvacandalucia.es/index.php/jaen-en-femenino/ vía @muvaclinares"><i class="icon-rrss-twitter"></i></a>
            
                            <a class="mwm_rrss mwm_facebook" mwm-rrss-url="https://www.facebook.com/sharer/sharer.php?u=https://muvacandalucia.es/index.php/jaen-en-femenino/"><i class="icon-rrss-facebook"></i></a>
            
            
            
                            <a class="mwm_rrss mwm_whatsapp" mwm-rrss-url="https://api.whatsapp.com/send?text=Jaén en femenino – https://muvacandalucia.es/index.php/jaen-en-femenino/" ><i class="icon-rrss-whatsapp"></i> </a>
                    </div>
    
<p align="JUSTIFY"><span style="color: #808080;"><span style="font-family: Calibri, sans-serif;"><span style="font-size: medium;">Escribir sobre arte no es ni debe ser una tarea fácil, sobre todo si se pretende ser un altavoz para las artistas olvidadas y aún más si se quiere hacer con rigor.</span></span></span></p>
<p align="JUSTIFY"><span style="color: #808080;"><span style="font-family: Calibri, sans-serif;"><span style="font-size: medium;">La mujer ha trabajado las artes plásticas siempre, pero no en todos los casos lo ha hecho de forma profesional. A lo largo del tiempo, en muchas ocasiones ha ejercido como artista </span></span><span style="font-family: Calibri, sans-serif;"><span style="font-size: medium;"><i>amateur</i></span></span><span style="font-family: Calibri, sans-serif;"><span style="font-size: medium;">, limitada por las condiciones que la sociedad le imponía. En los casos en los que su trabajo fue reconocido de alguna manera, se hizo desde un segundo plano, posicionándola detrás de la figura masculina, tanto en visibilidad como en importancia.</span></span></span></p>
<p align="JUSTIFY"><span style="color: #808080;"><span style="font-family: Calibri, sans-serif;"><span style="font-size: medium;">Para nosotros y nosotras, abordar este tema e intentar hacerlo llegar al mayor número posible de personas interesadas, supone una pequeña contribución al restablecimiento de una Historia del Arte que pretendemos que sea más veraz que la ya establecida. Devolverlas a la historia y hacerlas llegar al lugar que les corresponde es un gran reto, y para ello nada nos parece mejor que dedicarles una sección propia en nuestro museo virtual; un espacio en el que no se encuentren ensombrecidas ni borradas sino reconocidas. Una sección en la que serán tratadas de forma individual, llamándolas por su nombre y ofreciéndoles el reconocimiento que merecen.</span></span></span></p>
<p align="JUSTIFY"><span style="color: #808080;"><span style="font-family: Calibri, sans-serif;"><span style="font-size: medium;">El silencio imperante en el estudio sistematizado del arte a través y a lo largo de la historia, en cuanto a sus mujeres artistas, es el mismo silencio que ha pautado la vida para la mujer en la sociedad, el mismo que las relegó al interior de sus hogares, y el mismo que hoy sentimos cuando tocamos ese techo de cristal. Por eso, hacer coincidir la inauguración de esta sección, </span></span><span style="font-family: Calibri, sans-serif;"><span style="font-size: medium;"><i>Jaén en femenimo</i></span></span><span style="font-family: Calibri, sans-serif;"><span style="font-size: medium;">, con el día 8 de marzo para nosotras cobra sentido, y aún lo hace más en este año de las virtualidades, este año extraño en el que todos hemos tenido que aprender a vernos y a sentirnos a través de una pantalla, a mirar y conocer el arte de una nueva forma, este tiempo en el que los cambios están siendo tan grandes que nos han llegado a abrumar.</span></span></span></p>
<p align="JUSTIFY"><span style="color: #808080;"><span style="font-family: Calibri, sans-serif;"><span style="font-size: medium;">Desde el Museo Virtual de Arte Contemporáneo de Linares queremos sumarnos a las celebraciones y conmemoraciones de este día aún tan necesario y lo hacemos a través de este nuevo espacio en el que compartiremos y conoceremos a mujeres que han sido o son artistas plásticas, empezando como no, por las artistas de nuestra tierra. </span></span></span></p>
<p align="RIGHT"><span style="color: #808080;"><span style="font-family: Calibri, sans-serif;"><span style="font-size: medium;">Esther Martínez. Comisaria de la Exposición “</span></span><span style="font-family: Calibri, sans-serif;"><span style="font-size: medium;"><i>Jaén en femenino</i></span></span><span style="font-family: Calibri, sans-serif;"><span style="font-size: medium;">”</span></span></span></p>
<p style="text-align: right;"><span style="color: #808080;">Editado por Museo Virtual de Arte Contemporáneo de Andalucía</span></p>
<p style="text-align: right;"><span style="color: #808080;"><strong>ISSN 2792-1913</strong></span></p>
<p style="text-align: right;"><span style="color: #808080;">7 de marzo de 2021</span></p>
<p style="text-align: right;"><span style="color: #808080;">Linares, Jaén</span></p>
<p><span style="color: #808080;">Para visitar la Exposición y ver cada artículo, pinche <a style="color: #808080;" href="https://muvacandalucia.es/index.php/category/jaen-en-femenino/"><strong>aquí</strong></a></span></p>
<figure id="attachment_616" aria-describedby="caption-attachment-616" style="width: 320px" class="wp-caption alignleft"><img decoding="async" loading="lazy" class="wp-image-616 size-full" src="https://muvacandalucia.es/wp-content/uploads/2021/02/Catalina-Lopez-Sevilla-Paisaje-urbajo.jpg" alt="Catalina López Sevilla, Serie Rincones" width="320" height="243" srcset="https://muvacandalucia.es/wp-content/uploads/2021/02/Catalina-Lopez-Sevilla-Paisaje-urbajo.jpg 320w, https://muvacandalucia.es/wp-content/uploads/2021/02/Catalina-Lopez-Sevilla-Paisaje-urbajo-300x228.jpg 300w" sizes="(max-width: 320px) 100vw, 320px" /><figcaption id="caption-attachment-616" class="wp-caption-text">Catalina López Sevilla, Serie Rincones</figcaption></figure>
<p style="text-align: right;">

<p>Escribir sobre arte no es ni debe ser una tarea fácil, sobre todo si se pretende ser un altavoz para las artistas olvidadas y aún más si se quiere hacer&hellip;</p>
