{"id":1736,"date":"2021-04-27T05:33:40","date_gmt":"2021-04-27T05:33:40","guid":{"rendered":"https:\/\/muvacandalucia.es\/?page_id=1736"},"modified":"2021-06-04T16:40:01","modified_gmt":"2021-06-04T16:40:01","slug":"magistral-aguilera-en-muvacandalucia","status":"publish","type":"page","link":"https:\/\/muvacandalucia.es\/index.php\/magistral-aguilera-en-muvacandalucia\/","title":{"rendered":"&#8220;Magistral Aguilera&#8221; en MuVACAndaluc\u00eda"},"content":{"rendered":"<p align=\"JUSTIFY\"><span style=\"color: #808080;\">Colecci\u00f3n &#8220;Magistral Aguilera&#8221; en MuVACAndaluc\u00eda<\/span><\/p>\n<p align=\"JUSTIFY\"><span style=\"color: #808080;\">Desde sus primeros trabajos en una personal\u00edsima interpretaci\u00f3n realista de la figura y el color, hasta sus trabajos m\u00e1s avanzados en la l\u00ednea de la abstracci\u00f3n con la cual el pintor se aleja de los postulados m\u00e1s ortodoxos del informalismo la obra de Miguel P\u00e9rez Aguilera es un modelo de inspiraci\u00f3n y profesionalidad. En su etapa abstracta, P\u00e9rez Aguilera crea un universo de color y geometr\u00eda abierta a la busqueda de nuevas zonas de inesperada expresividad. La pintura de P\u00e9rez Aguilera en esta etapa abstracta es ejemplo de sosiego y ahonda sus ra\u00edces inspirativas en el propio orfismo mediate la exploraci\u00f3n del color pero sobre una base geom\u00e9trica que lo convierte, domado valientemente por la forma pura, en el aut\u00e9ntico protagonista del lienzo.<\/span><\/p>\n<p align=\"JUSTIFY\"><span style=\"color: #808080;\">MuVACAndalucia se suma al homenaje de su ciudad natal al genial pintor realizando en paralelo a la exposici\u00f3n un seguimiento de la misma que esperamos merezca el inter\u00e9s de sus visitantes y el de todos aquellos que no puedan asistir y nos honren sigui\u00e9ndola a trav\u00e9s de nuestro medio. En d\u00edas sucesivos, a\u00f1adiremos contenido a la secci\u00f3n que nos permitan conocer mejor la obra de Don Miguel Aguilera, los art\u00edculos ir\u00e1n acompa\u00f1ados de audios que permitan la visita f\u00edsica y la comprensi\u00f3n de la misma de forma simult\u00e1nea, generaremos alguna galer\u00eda de im\u00e1genes y a\u00f1adiremos, finalmente, un conjunto de enlaces a estudios y art\u00edculos referidos al pintor linarense en la Secci\u00f3n de Educaci\u00f3n e Investigaci\u00f3n para quien desee saber m\u00e1s.<\/span><\/p>\n<p><span style=\"color: #808080;\"><strong><a style=\"color: #808080;\" href=\"https:\/\/muvacandalucia.es\/index.php\/2021\/03\/19\/miguel-perez-aguilera-una-vida-dedicada-a-la-docencia-y-al-arte\/\">Miguel P\u00e9rez Aguilera: una vida dedicada a la docencia y al arte (Cap. 1)<\/a><\/strong><\/span><\/p>\n<p><span style=\"color: #808080;\"><strong><a style=\"color: #808080;\" href=\"https:\/\/muvacandalucia.es\/index.php\/2021\/03\/19\/mejorando-la-experiencia-de-la-visita-a-magistral-aguilera\/\">Mejorando la experiencia de la Visita a \u201cMagistral Aguilera\u201d. (Cap. 2)<\/a><\/strong><\/span><\/p>\n<p><span style=\"color: #808080;\"><strong><a style=\"color: #808080;\" href=\"https:\/\/muvacandalucia.es\/index.php\/2021\/03\/19\/uno-de-sus-trabajo-mas-iconicos-figuras-en-reposo\/\">Uno de sus trabajos m\u00e1s ic\u00f3nicos \u201cFiguras en reposo\u201d (Cap. 3)<\/a><\/strong><\/span><\/p>\n<p><span style=\"color: #808080;\"><strong><a style=\"color: #808080;\" href=\"https:\/\/muvacandalucia.es\/index.php\/2021\/03\/19\/los-ninos-de-su-barrio-en-la-decada-de-los-50\/\">Los ni\u00f1os de su barrio en la d\u00e9cada de los 50. (Cap. 4)<\/a><\/strong><\/span><\/p>\n<p><span style=\"color: #808080;\"><strong><a style=\"color: #808080;\" href=\"https:\/\/muvacandalucia.es\/index.php\/2021\/03\/19\/el-luminismo-en-sus-paisajes-agrestes\/\">El luminismo en sus paisajes agrestes. (Cap. 5)<\/a><\/strong><\/span><\/p>\n<p><span style=\"color: #808080;\"><strong><a style=\"color: #808080;\" href=\"https:\/\/muvacandalucia.es\/wp-admin\/post.php?post=952&amp;action=edit\">Autorretratos y personajes del Maestro Aguilera. (Cap. 6)<\/a><\/strong><\/span><\/p>\n<p><span style=\"color: #808080;\"><strong><a style=\"color: #808080;\" href=\"https:\/\/muvacandalucia.es\/index.php\/2021\/03\/19\/la-etapa-abstracta-del-artista-linarense\/\">La etapa abstracta del artista linarense. (Cap- 7)<\/a><\/strong><\/span><\/p>\n<p style=\"text-align: right;\"><span style=\"color: #808080;\">Editado por Museo Virtual de Arte Contempor\u00e1neo de Andaluc\u00eda<\/span><\/p>\n<p style=\"text-align: right;\"><span style=\"color: #808080;\"><strong>ISSN 2792-1905<\/strong><\/span><\/p>\n<p style=\"text-align: right;\"><span style=\"color: #808080;\">7 de diciembre de 2020<\/span><\/p>\n<p style=\"text-align: right;\"><span style=\"color: #808080;\">Linares, Ja\u00e9n<\/span><\/p>\n","protected":false},"excerpt":{"rendered":"<p>Colecci\u00f3n &#8220;Magistral Aguilera&#8221; en MuVACAndaluc\u00eda Desde sus primeros trabajos en una personal\u00edsima interpretaci\u00f3n realista de la figura y el color, hasta sus trabajos m\u00e1s avanzados en la l\u00ednea de la&hellip;<\/p>\n","protected":false},"author":1,"featured_media":1078,"parent":0,"menu_order":0,"comment_status":"closed","ping_status":"closed","template":"","meta":[],"_links":{"self":[{"href":"https:\/\/muvacandalucia.es\/index.php\/wp-json\/wp\/v2\/pages\/1736"}],"collection":[{"href":"https:\/\/muvacandalucia.es\/index.php\/wp-json\/wp\/v2\/pages"}],"about":[{"href":"https:\/\/muvacandalucia.es\/index.php\/wp-json\/wp\/v2\/types\/page"}],"author":[{"embeddable":true,"href":"https:\/\/muvacandalucia.es\/index.php\/wp-json\/wp\/v2\/users\/1"}],"replies":[{"embeddable":true,"href":"https:\/\/muvacandalucia.es\/index.php\/wp-json\/wp\/v2\/comments?post=1736"}],"version-history":[{"count":9,"href":"https:\/\/muvacandalucia.es\/index.php\/wp-json\/wp\/v2\/pages\/1736\/revisions"}],"predecessor-version":[{"id":1774,"href":"https:\/\/muvacandalucia.es\/index.php\/wp-json\/wp\/v2\/pages\/1736\/revisions\/1774"}],"wp:featuredmedia":[{"embeddable":true,"href":"https:\/\/muvacandalucia.es\/index.php\/wp-json\/wp\/v2\/media\/1078"}],"wp:attachment":[{"href":"https:\/\/muvacandalucia.es\/index.php\/wp-json\/wp\/v2\/media?parent=1736"}],"curies":[{"name":"wp","href":"https:\/\/api.w.org\/{rel}","templated":true}]}}

&#8220;Magistral Aguilera&#8221; en MuVACAndalucía

<p align="JUSTIFY"><span style="color: #808080;">Colección &#8220;Magistral Aguilera&#8221; en MuVACAndalucía</span></p>
<p align="JUSTIFY"><span style="color: #808080;">Desde sus primeros trabajos en una personalísima interpretación realista de la figura y el color, hasta sus trabajos más avanzados en la línea de la abstracción con la cual el pintor se aleja de los postulados más ortodoxos del informalismo la obra de Miguel Pérez Aguilera es un modelo de inspiración y profesionalidad. En su etapa abstracta, Pérez Aguilera crea un universo de color y geometría abierta a la busqueda de nuevas zonas de inesperada expresividad. La pintura de Pérez Aguilera en esta etapa abstracta es ejemplo de sosiego y ahonda sus raíces inspirativas en el propio orfismo mediate la exploración del color pero sobre una base geométrica que lo convierte, domado valientemente por la forma pura, en el auténtico protagonista del lienzo.</span></p>
<p align="JUSTIFY"><span style="color: #808080;">MuVACAndalucia se suma al homenaje de su ciudad natal al genial pintor realizando en paralelo a la exposición un seguimiento de la misma que esperamos merezca el interés de sus visitantes y el de todos aquellos que no puedan asistir y nos honren siguiéndola a través de nuestro medio. En días sucesivos, añadiremos contenido a la sección que nos permitan conocer mejor la obra de Don Miguel Aguilera, los artículos irán acompañados de audios que permitan la visita física y la comprensión de la misma de forma simultánea, generaremos alguna galería de imágenes y añadiremos, finalmente, un conjunto de enlaces a estudios y artículos referidos al pintor linarense en la Sección de Educación e Investigación para quien desee saber más.</span></p>
<p><span style="color: #808080;"><strong><a style="color: #808080;" href="https://muvacandalucia.es/index.php/2021/03/19/miguel-perez-aguilera-una-vida-dedicada-a-la-docencia-y-al-arte/">Miguel Pérez Aguilera: una vida dedicada a la docencia y al arte (Cap. 1)</a></strong></span></p>
<p><span style="color: #808080;"><strong><a style="color: #808080;" href="https://muvacandalucia.es/index.php/2021/03/19/mejorando-la-experiencia-de-la-visita-a-magistral-aguilera/">Mejorando la experiencia de la Visita a “Magistral Aguilera”. (Cap. 2)</a></strong></span></p>
<p><span style="color: #808080;"><strong><a style="color: #808080;" href="https://muvacandalucia.es/index.php/2021/03/19/uno-de-sus-trabajo-mas-iconicos-figuras-en-reposo/">Uno de sus trabajos más icónicos “Figuras en reposo” (Cap. 3)</a></strong></span></p>
<p><span style="color: #808080;"><strong><a style="color: #808080;" href="https://muvacandalucia.es/index.php/2021/03/19/los-ninos-de-su-barrio-en-la-decada-de-los-50/">Los niños de su barrio en la década de los 50. (Cap. 4)</a></strong></span></p>
<p><span style="color: #808080;"><strong><a style="color: #808080;" href="https://muvacandalucia.es/index.php/2021/03/19/el-luminismo-en-sus-paisajes-agrestes/">El luminismo en sus paisajes agrestes. (Cap. 5)</a></strong></span></p>
<p><span style="color: #808080;"><strong><a style="color: #808080;" href="https://muvacandalucia.es/wp-admin/post.php?post=952&amp;action=edit">Autorretratos y personajes del Maestro Aguilera. (Cap. 6)</a></strong></span></p>
<p><span style="color: #808080;"><strong><a style="color: #808080;" href="https://muvacandalucia.es/index.php/2021/03/19/la-etapa-abstracta-del-artista-linarense/">La etapa abstracta del artista linarense. (Cap- 7)</a></strong></span></p>
<p style="text-align: right;"><span style="color: #808080;">Editado por Museo Virtual de Arte Contemporáneo de Andalucía</span></p>
<p style="text-align: right;"><span style="color: #808080;"><strong>ISSN 2792-1905</strong></span></p>
<p style="text-align: right;"><span style="color: #808080;">7 de diciembre de 2020</span></p>
<p style="text-align: right;"><span style="color: #808080;">Linares, Jaén</span></p>

<p>Colección &#8220;Magistral Aguilera&#8221; en MuVACAndalucía Desde sus primeros trabajos en una personalísima interpretación realista de la figura y el color, hasta sus trabajos más avanzados en la línea de la&hellip;</p>
